common factor of i and 4?
4
Let y = 1488 + 120. Suppose -266 = -11*j - y. Let b = j + 130. What is the greatest common factor of b and 184?
8
Let z(n) = -4*n**3 + 31*n**2 - 3*n + 2. Let v be z(7). Suppose 0 = -5*u + 578 - v. Let x be -12*(6/(-4) - 1). What is the greatest common factor of x and u?
30
Let v be (-2)/(-4)*(2 - 0). Let l(f) = v - 33 + f + 4*f - 24*f + f**2. Let c be l(23). What is the greatest common divisor of 12 and c?
12
Suppose 2*s + 5*v - 22 = 3*v, 3*v - 9 = -s. Suppose 32*h - 21*h + 132 = 0. Let q be 184*6/36 - (-8)/h. Calculate the highest common divisor of s and q.
6
Suppose 1144 = 2*b + 11*b. Suppose -4*o - i + 177 = 0, -5*o = -3*i - i - 216. What is the highest common factor of o and b?
44
Let n be 2/(-18) - (-16)/144. Suppose r + 2*w - 147 = -n*w, -4*r + w = -615. What is the greatest common divisor of r and 9?
9
Suppose 16 + 29 = 9*w. Suppose -3*r - w*n = -39, 0 = -n - 2 - 1. Calculate the highest common divisor of r and 2.
2
Let o be (19/38)/((-1)/(-12)). Let t be (4/10)/(-2*o/60). Let a(g) = -29*g + 14. Let b be a(t). What is the greatest common divisor of 48 and b?
24
Suppose 5*w - 179 - 165 = -4*p, -4*p = -2*w + 160. What is the greatest common divisor of 528 and w?
24
Let b(t) = -t**3 + 8*t**2 - 10*t - 2. Let m be b(3). Suppose 0 = 4*j - 4 + 12. Let f be -2 - (-1)/(j/(-30)). Calculate the highest common factor of m and f.
13
Let a(l) = -l**2 - 325*l - 2522. Let o be a(-8). Calculate the highest common factor of 5614 and o.
14
Suppose 2 = u - 0. Let a(v) = 4*v**3 - 7*v**2 + v + 1. Let s be a(u). Suppose s*w = 11*w - 240. What is the greatest common divisor of w and 20?
20
Suppose -15*m - 1729 = -4549. Let o = -71 + m. Calculate the greatest common factor of o and 90.
9
Let t = -47 - -44. Let l(u) = 10*u**3 + 2*u**2 - 3*u - 9. Let n be l(t). Let j be (n/15)/(-2)*(-25)/(-10). What is the greatest common divisor of 84 and j?
21
Suppose 339*t - 1638 = 169*t + 152*t. What is the greatest common factor of 7371 and t?
91
Suppose 120 = 431*p - 419*p. Suppose -42*m - p*m = -832. What is the highest common factor of 208 and m?
16
Suppose 4*r = 4*p - 44, -5*p + p - r + 19 = 0. Suppose 0 = -i + 2, -z + 4*z = 3*i + p. Let a = 104 + -92. What is the greatest common factor of a and z?
4
Suppose l - 5*k - 25 = 0, k = 4*k - 3. Let p = 142 - l. Suppose 4*s - 4*z - p = 0, -2*s = 4*z + z - 28. Calculate the greatest common factor of s and 3.
3
Let l = 1464 + -1003. Suppose l*t + 5236 = 468*t. What is the greatest common divisor of t and 17?
17
Suppose 155*g - 265153 = 977792. Calculate the greatest common divisor of 27 and g.
27
Suppose 712 = -6*p - 98. Let f = p + 300. What is the greatest common factor of 66 and f?
33
Suppose 3*o = -6, 5*h - 4*o = -42 - 55. Let l = h - -24. Calculate the greatest common factor of l and 111.
3
Suppose 10*w = -4 + 4. Suppose w = 5*l - 44 - 16. What is the greatest common divisor of l and 108?
12
Suppose 4*b - 634 - 228 = 5*f, 5*b = -3*f + 1022. What is the greatest common divisor of 48 and b?
16
Let z = -114 + -2. Let l = z + 122. Calculate the greatest common factor of 186 and l.
6
Suppose 0*n = 7*n - 10990. Suppose -454 = -11*u + n. Calculate the greatest common factor of u and 8.
8
Let t be (1 + 235)*11/22. Calculate the greatest common divisor of t and 58.
2
Let u = -6 + 11. Let j be 5 - ((-15)/(-12) + 3/4). Suppose -j*w - 5*d = -14, u*w - 5*d - 27 = 63. What is the greatest common factor of 52 and w?
13
Let u(y) = -y**2 - 14*y - 20. Suppose 0 = -3*w - w - 60. Let v be u(w). Let z be 2/5 + (-56)/v. What is the highest common divisor of 1 and z?
1
Let c be 319053/24 + (-15)/8 + 76/38. What is the highest common factor of c and 46?
46
Let n = -210 - -35. Let t = 177 + n. Calculate the highest common divisor of 31 and t.
1
Let t = 1362 + -1310. Calculate the greatest common factor of 494 and t.
26
Suppose z + n - 20 = 0, 0 = -8*z + 3*z + n + 130. What is the highest common factor of z and 1675?
25
Suppose 0 = -2*g - 3*w - 8, 0*w - 10 = g + 3*w. Suppose 2*q - 44 = -3*i, -110 = -5*q + g*i - 4*i. What is the highest common divisor of 33 and q?
11
Let i = 476 + -452. Calculate the highest common factor of 1384 and i.
8
Let q = 74 + -24. Let n = -29 - -85. Let m = n - q. Calculate the highest common divisor of 78 and m.
6
Suppose q - s - 1203 = 1763, 5*q = -5*s + 14870. What is the highest common divisor of 110 and q?
110
Let t be (0 + -10)*((-56)/(-5))/(-4). What is the greatest common divisor of 2086 and t?
14
Suppose 4*r + 5*b - 1570 = 0, 6*r - 7*r = -5*b - 430. Calculate the highest common divisor of r and 775.
25
Let g = 200 - 109. What is the highest common factor of g and 689?
13
Suppose 3 = -u, 4*z - 2*u + 4 = 6*z. Suppose -5*t - z*g + 16 = -79, 62 = 3*t + 4*g. Calculate the greatest common divisor of t and 154.
14
Suppose -3*m - 10*v + 9*v - 15 = 0, 4*m - 5*v = -20. Let s be ((-5)/m)/(-2 + 3 + 0). What is the greatest common factor of s and 8?
1
Let g(u) = 20 + 3*u - 5*u - 18. Let d(f) = f**3 - 5*f**2 + 9*f - 21. Let w be d(4). Let n be g(w). What is the greatest common divisor of 8 and n?
4
Suppose 4*n - 99 = 3*s, 150*n + 3*s + 123 = 155*n. What is the highest common divisor of n and 664?
8
Let s = 73 - 15. Let u = s - 24. Let a be (1 + -3 - 15)*-2. What is the greatest common factor of a and u?
34
Let m(w) = 39*w**2 + w - 8. Let p be m(2). Let o(z) = 99*z**2 + 8*z - 7. Let g be o(1). Calculate the highest common divisor of p and g.
50
Let i be (-15)/(-20) - 690/(-8) - 3. Suppose 10*h - 1824 = 5*h - 14*h. What is the greatest common divisor of h and i?
12
Let a be 5769/(-8)*(-8)/12 - 18/24. What is the highest common divisor of 768 and a?
96
Let o be 223 - 1 - ((25 - 63) + 36). Let g = 12 - -52. Calculate the highest common factor of o and g.
32
Suppose -5*f - 38 - 17 = 0. Let m = 27 + f. What is the greatest common divisor of m and 272?
16
Let g(j) = -j**2 + 3*j - 1. Let z be g(2). Let s be -60 - -63 - (0/(-2))/(-1). Let y be ((-64)/(-6))/4*s. What is the highest common factor of y and z?
1
Let b = -6682 - -9828. What is the greatest common factor of b and 13?
13
Let q = 6 - 5. Let r be 20/90 + q/(9/34). Let z(i) = i**3 - 4*i**2 + 3*i + 8. Let b be z(r). What is the greatest common divisor of 20 and b?
20
Let o = 3192 + -2359. What is the highest common factor of 245 and o?
49
Let n be (3/(-2))/((-15)/40). Suppose -n*w - w + 455 = 0. Let l(q) = 8*q - 3. Let r be l(2). What is the highest common divisor of w and r?
13
Suppose 3*m = -4*i + 165, -142 - 22 = -4*i - 4*m. Calculate the highest common factor of 15372 and i.
42
Suppose -449 = -4*d + i, -4*d + 452 = -263*i + 259*i. Calculate the highest common factor of d and 416.
16
Suppose 4*d - 124 - 56 = -5*b, 5*b = 3*d + 145. Suppose 0 = 3*x + 18 - 6, -4*l + 5*x + b = 0. Calculate the greatest common factor of l and 9.
3
Suppose -76*n = 52*n - 5626 - 58 + 1076. Let p = 3837 + -2721. What is the highest common divisor of n and p?
36
Let k be 1/(-6) - (-247)/78. Suppose 6 = k*r - r. Let y(o) = -2*o + 20. Let a be y(9). What is the greatest common factor of r and a?
1
Let k = -682 - -677. Let s(c) = -2*c**2 - 8*c + 16. Let a be s(k). Let t(j) = j**3 + 4*j**2 + 3. Let g be t(-4). What is the greatest common divisor of a and g?
3
Let k = -86 - -1716. What is the highest common factor of 60 and k?
10
Suppose -o + 56 - 64 = 0. Let p(c) = -c**3 - 7*c**2 + 5*c - 7. Let d be p(o). Calculate the highest common factor of 34 and d.
17
Suppose 5*a - 111 = -d, -5 = d - 1. Calculate the highest common divisor of a and 7.
1
Let d = 18 - -22. Let x be (-5)/d + 7074/16. Calculate the greatest common factor of x and 26.
26
Let k = 29 - 9. Let t be (-486)/(-48) + (-8)/64. Calculate the greatest common factor of k and t.
10
Let v(p) = -p + 4. Let b be v(-4). Let k = -105 - -37. Let d = -66 - k. Calculate the highest common factor of d and b.
2
Suppose 4*a + 20 = 0, -268*a = g - 273*a - 825. What is the highest common factor of g and 880?
80
Let g = -27050 + 27130. Calculate the highest common divisor of 7060 and g.
20
Suppose -25808 - 38074 = -54*m. Calculate the highest common factor of m and 21.
7
Let u = -4520 + 9368. Let x = u - 3392. Calculate the highest common factor of 112 and x.
112
Let w be (-101 + 1)*-8 - (608 - 612). Calculate the greatest common factor